{"id":984,"date":"2020-04-30T02:08:35","date_gmt":"2020-04-30T00:08:35","guid":{"rendered":"http:\/\/www.imagoformation.ch\/?page_id=984"},"modified":"2020-06-12T11:20:33","modified_gmt":"2020-06-12T09:20:33","slug":"blog","status":"publish","type":"page","link":"http:\/\/www.imagoformation.ch\/?page_id=984","title":{"rendered":"Articles"},"content":{"rendered":"<p>[et_pb_section fb_built=\u00a0\u00bb1&Prime; custom_padding_last_edited=\u00a0\u00bbon|desktop\u00a0\u00bb admin_label=\u00a0\u00bbHeader\u00a0\u00bb _builder_version=\u00a0\u00bb4.4.2&Prime; background_enable_image=\u00a0\u00bboff\u00a0\u00bb custom_margin=\u00a0\u00bb40px|40px||40px|false|true\u00a0\u00bb custom_margin_tablet=\u00a0\u00bb\u00a0\u00bb custom_margin_phone=\u00a0\u00bb20px|20px||20px|false|true\u00a0\u00bb custom_margin_last_edited=\u00a0\u00bbon|desktop\u00a0\u00bb custom_padding=\u00a0\u00bb100px|0px|0px|||\u00a0\u00bb custom_padding_tablet=\u00a0\u00bb40px||||false|false\u00a0\u00bb custom_padding_phone=\u00a0\u00bb\u00a0\u00bb border_radii_phone=\u00a0\u00bbon|20px|20px|20px|20px\u00a0\u00bb border_radii_last_edited=\u00a0\u00bboff|desktop\u00a0\u00bb][et_pb_row column_structure=\u00a0\u00bb1_2,1_2&Prime; custom_padding_last_edited=\u00a0\u00bbon|tablet\u00a0\u00bb _builder_version=\u00a0\u00bb4.4.2&Prime; background_enable_color=\u00a0\u00bboff\u00a0\u00bb background_image=\u00a0\u00bbhttp:\/\/www.imagoformation.ch\/wp-content\/uploads\/2020\/04\/psychologist-03.jpg\u00a0\u00bb transform_scale_tablet=\u00a0\u00bb\u00a0\u00bb transform_scale_phone=\u00a0\u00bb\u00a0\u00bb transform_scale_last_edited=\u00a0\u00bbon|desktop\u00a0\u00bb transform_translate=\u00a0\u00bb30px|0px\u00a0\u00bb transform_translate_tablet=\u00a0\u00bb0px|0px\u00a0\u00bb transform_translate_phone=\u00a0\u00bb\u00a0\u00bb transform_translate_last_edited=\u00a0\u00bbon|tablet\u00a0\u00bb transform_translate_linked=\u00a0\u00bboff\u00a0\u00bb transform_rotate_tablet=\u00a0\u00bb\u00a0\u00bb transform_rotate_phone=\u00a0\u00bb\u00a0\u00bb transform_rotate_last_edited=\u00a0\u00bbon|desktop\u00a0\u00bb transform_skew_tablet=\u00a0\u00bb\u00a0\u00bb transform_skew_phone=\u00a0\u00bb\u00a0\u00bb transform_skew_last_edited=\u00a0\u00bbon|desktop\u00a0\u00bb transform_origin_tablet=\u00a0\u00bb\u00a0\u00bb transform_origin_phone=\u00a0\u00bb\u00a0\u00bb transform_origin_last_edited=\u00a0\u00bbon|desktop\u00a0\u00bb transform_styles_last_edited=\u00a0\u00bbon|tablet\u00a0\u00bb width_tablet=\u00a0\u00bb90%\u00a0\u00bb width_phone=\u00a0\u00bb\u00a0\u00bb width_last_edited=\u00a0\u00bbon|desktop\u00a0\u00bb max_width=\u00a0\u00bb1200px\u00a0\u00bb custom_padding=\u00a0\u00bb80px|61px|80px|61px|true|true\u00a0\u00bb custom_padding_tablet=\u00a0\u00bb60px||60px||true|true\u00a0\u00bb custom_padding_phone=\u00a0\u00bb40px|20px|40px|20px|true|true\u00a0\u00bb transform_styles_tablet=\u00a0\u00bb\u00a0\u00bb transform_styles_phone=\u00a0\u00bb\u00a0\u00bb border_radii_phone=\u00a0\u00bboff|8px|8px||\u00a0\u00bb border_radii_last_edited=\u00a0\u00bboff|desktop\u00a0\u00bb box_shadow_style=\u00a0\u00bbpreset1&Prime; box_shadow_horizontal=\u00a0\u00bb3px\u00a0\u00bb box_shadow_vertical=\u00a0\u00bb0px\u00a0\u00bb box_shadow_blur=\u00a0\u00bb20px\u00a0\u00bb box_shadow_spread=\u00a0\u00bb1px\u00a0\u00bb box_shadow_color=\u00a0\u00bbrgba(9,6,38,0.62)\u00a0\u00bb][et_pb_column type=\u00a0\u00bb1_2&Prime; _builder_version=\u00a0\u00bb3.26&Prime;][et_pb_text _builder_version=\u00a0\u00bb4.4.6&Prime; text_font_size=\u00a0\u00bb17px\u00a0\u00bb text_line_height=\u00a0\u00bb1.8em\u00a0\u00bb header_font=\u00a0\u00bbTaviraj||||||||\u00a0\u00bb header_font_size=\u00a0\u00bb60px\u00a0\u00bb header_line_height=\u00a0\u00bb1.2em\u00a0\u00bb max_width=\u00a0\u00bb600px\u00a0\u00bb max_width_last_edited=\u00a0\u00bboff|desktop\u00a0\u00bb text_font_size_tablet=\u00a0\u00bb\u00a0\u00bb text_font_size_phone=\u00a0\u00bb15px\u00a0\u00bb text_font_size_last_edited=\u00a0\u00bbon|desktop\u00a0\u00bb header_font_size_tablet=\u00a0\u00bb40px\u00a0\u00bb header_font_size_phone=\u00a0\u00bb30px\u00a0\u00bb header_font_size_last_edited=\u00a0\u00bbon|desktop\u00a0\u00bb]<\/p>\n<h1><span style=\"color: #ff9900;\">Donner confiance aux adultes\u00a0<\/span><\/h1>\n<p class=\"paragraph\" style=\"text-align: justify;\"><span style=\"font-size: small; color: rgba(102, 102, 102, 0.55);\">source: CSFO Editions<\/span><span class=\"normaltextrun\"><b><span><\/span><\/b><\/span><\/p>\n<p class=\"paragraph\" style=\"text-align: justify;\"><span class=\"normaltextrun\"><b><span>Monica Dousse a d\u00e9j\u00e0 une longue exp\u00e9rience dans la formation des adultes et elle continue, pour le plaisir, \u00e0 enseigner sa langue maternelle. Ambassadrice de sa culture et de son pays, elle donne des cours d&rsquo;espagnol plusieurs fois pas semaine.<\/span><\/b><\/span><\/p>\n<p class=\"paragraph\" style=\"text-align: justify;\"><span class=\"eop\">Dans la salle de classe r\u00e9sonne la chanson de Manu Chao \u00abMe gustas tu\u00bb. L&rsquo;exercice du jour consiste \u00e0 travailler le verbe \u00abgustar\u00bb (\u00abaimer<span>\u00bb<\/span> en espagnol), qui se d\u00e9cline sous diverses formes dans la chanson. C&rsquo;est l&rsquo;occasion, pour les participants, de rep\u00e9rer les locutions utilis\u00e9es et le vocabulaire, de travailler la conjugaison et les mani\u00e8res de traduire en espagnol le masculin et le f\u00e9minin. Attentifs, les adultes se laissent bercer par les paroles puis, par petits groupes, essaient d&rsquo;en d\u00e9duire la r\u00e8gle grammaticale. Ils tentent ensuite de l&rsquo;expliquer avec leurs mots, qui sont not\u00e9s au tableau, enrichis et discut\u00e9s.<\/span><\/p>\n<p>[\/et_pb_text][\/et_pb_column][et_pb_column type=\u00a0\u00bb1_2&Prime; _builder_version=\u00a0\u00bb3.26&Prime;][et_pb_image src=\u00a0\u00bbhttp:\/\/www.imagoformation.ch\/wp-content\/uploads\/2020\/04\/Page1-4.jpeg\u00a0\u00bb _builder_version=\u00a0\u00bb4.4.2&Prime; width=\u00a0\u00bb58%\u00a0\u00bb][\/et_pb_image][et_pb_text _builder_version=\u00a0\u00bb4.4.6&Prime; text_font=\u00a0\u00bb|300|on||||||\u00a0\u00bb text_line_height=\u00a0\u00bb1em\u00a0\u00bb]<\/p>\n<p><span style=\"color: #333333;\"><strong>Monica Dousse<\/strong><\/span><\/p>\n<p style=\"text-align: left;\"><span style=\"color: #333333;\">50 ans, enseignante de langue,<\/span><\/p>\n<p style=\"text-align: left;\"><span style=\"color: #333333;\"> formatrice de futurs formateurs <\/span><\/p>\n<p style=\"text-align: left;\"><span style=\"color: #333333;\">dans diverses institutions<\/span><\/p>\n<p>[\/et_pb_text][\/et_pb_column][\/et_pb_row][\/et_pb_section][et_pb_section fb_built=\u00a0\u00bb1&Prime; custom_padding_last_edited=\u00a0\u00bbon|desktop\u00a0\u00bb admin_label=\u00a0\u00bbHeader\u00a0\u00bb _builder_version=\u00a0\u00bb4.4.2&Prime; background_enable_image=\u00a0\u00bboff\u00a0\u00bb min_height=\u00a0\u00bb1252px\u00a0\u00bb custom_margin=\u00a0\u00bb40px|40px||40px|false|true\u00a0\u00bb custom_margin_tablet=\u00a0\u00bb\u00a0\u00bb custom_margin_phone=\u00a0\u00bb20px|20px||20px|false|true\u00a0\u00bb custom_margin_last_edited=\u00a0\u00bbon|desktop\u00a0\u00bb custom_padding=\u00a0\u00bb100px|0px|0px|||\u00a0\u00bb custom_padding_tablet=\u00a0\u00bb40px||||false|false\u00a0\u00bb custom_padding_phone=\u00a0\u00bb\u00a0\u00bb border_radii_phone=\u00a0\u00bbon|20px|20px|20px|20px\u00a0\u00bb border_radii_last_edited=\u00a0\u00bboff|desktop\u00a0\u00bb][et_pb_row column_structure=\u00a0\u00bb1_2,1_2&Prime; custom_padding_last_edited=\u00a0\u00bbon|tablet\u00a0\u00bb _builder_version=\u00a0\u00bb4.4.2&Prime; background_enable_color=\u00a0\u00bboff\u00a0\u00bb background_enable_image=\u00a0\u00bboff\u00a0\u00bb transform_scale_tablet=\u00a0\u00bb\u00a0\u00bb transform_scale_phone=\u00a0\u00bb\u00a0\u00bb transform_scale_last_edited=\u00a0\u00bbon|desktop\u00a0\u00bb transform_translate=\u00a0\u00bb30px|0px\u00a0\u00bb transform_translate_tablet=\u00a0\u00bb0px|0px\u00a0\u00bb transform_translate_phone=\u00a0\u00bb\u00a0\u00bb transform_translate_last_edited=\u00a0\u00bbon|tablet\u00a0\u00bb transform_translate_linked=\u00a0\u00bboff\u00a0\u00bb transform_rotate_tablet=\u00a0\u00bb\u00a0\u00bb transform_rotate_phone=\u00a0\u00bb\u00a0\u00bb transform_rotate_last_edited=\u00a0\u00bbon|desktop\u00a0\u00bb transform_skew_tablet=\u00a0\u00bb\u00a0\u00bb transform_skew_phone=\u00a0\u00bb\u00a0\u00bb transform_skew_last_edited=\u00a0\u00bbon|desktop\u00a0\u00bb transform_origin_tablet=\u00a0\u00bb\u00a0\u00bb transform_origin_phone=\u00a0\u00bb\u00a0\u00bb transform_origin_last_edited=\u00a0\u00bbon|desktop\u00a0\u00bb transform_styles_last_edited=\u00a0\u00bbon|tablet\u00a0\u00bb width_tablet=\u00a0\u00bb90%\u00a0\u00bb width_phone=\u00a0\u00bb\u00a0\u00bb width_last_edited=\u00a0\u00bbon|desktop\u00a0\u00bb max_width=\u00a0\u00bb1200px\u00a0\u00bb custom_padding=\u00a0\u00bb100px|60px|100px|60px|true|true\u00a0\u00bb custom_padding_tablet=\u00a0\u00bb60px||60px||true|true\u00a0\u00bb custom_padding_phone=\u00a0\u00bb40px|20px|40px|20px|true|true\u00a0\u00bb transform_styles_tablet=\u00a0\u00bb\u00a0\u00bb transform_styles_phone=\u00a0\u00bb\u00a0\u00bb border_radii=\u00a0\u00bboff||||\u00a0\u00bb border_style_bottom=\u00a0\u00bbnone\u00a0\u00bb border_radii_phone=\u00a0\u00bboff|8px|8px||\u00a0\u00bb border_radii_last_edited=\u00a0\u00bboff|desktop\u00a0\u00bb box_shadow_style=\u00a0\u00bbpreset1&Prime; box_shadow_vertical=\u00a0\u00bb-15px\u00a0\u00bb box_shadow_color=\u00a0\u00bbrgba(9,6,38,0.62)\u00a0\u00bb][et_pb_column type=\u00a0\u00bb1_2&Prime; _builder_version=\u00a0\u00bb3.26&Prime;][et_pb_image src=\u00a0\u00bbhttp:\/\/www.imagoformation.ch\/wp-content\/uploads\/2020\/04\/Page1-3.jpeg\u00a0\u00bb _builder_version=\u00a0\u00bb4.4.2&Prime;][\/et_pb_image][et_pb_text _builder_version=\u00a0\u00bb4.4.2&Prime; custom_padding=\u00a0\u00bb0px||1px|||\u00a0\u00bb]<\/p>\n<h6 style=\"text-align: left;\"><span style=\"color: #808080;\">Les approches ludiques sont \u00e9galement tr\u00e8s appr\u00e9cies des adultes<\/span><\/h6>\n<p>[\/et_pb_text][\/et_pb_column][et_pb_column type=\u00a0\u00bb1_2&Prime; _builder_version=\u00a0\u00bb3.26&Prime;][et_pb_text _builder_version=\u00a0\u00bb4.4.6&Prime;]<\/p>\n<h2><strong><span style=\"color: #ff9900;\">Facilitatrice d&rsquo;apprentissage<\/span><\/strong><\/h2>\n<p><span><\/span><\/p>\n<p><span><\/span><\/p>\n<p>\u00abJe propose toujours des activit\u00e9s diff\u00e9rentes aux participants\u00bb, pr\u00e9cise Monica Dousse. \u00abDans les cours du soir, les adultes ont d\u00e9j\u00e0 une journ\u00e9e de travail derri\u00e8re eux et sont fatigu\u00e9s. Avec ce public, les cours frontaux, \u00e7a ne marche pas. Alors, je les fais bouger, chanter, dessiner. On fait des jeux qui leur permettent de rester actifs, leur participation n&rsquo;en est que plus b\u00e9n\u00e9fique.\u00bb<\/p>\n<p>L&rsquo;apprentissage de la langue avance \u00e0\u00a0petits pas, au fil des semaines. \u00abLes\u00a0personnes sont fid\u00e8les et viennent au cours r\u00e9guli\u00e8rement\u00bb, souligne la formatrice. <span>\u00ab<\/span>Il y a bien s\u00fbr la volont\u00e9 de progresser, mais souvent, lorsque le\u00a0groupe s&rsquo;entend bien, le plaisir de se retrouver chaque semaine contribue \u00e9galement aux progr\u00e8s de chacun.\u00bb<\/p>\n<p>[\/et_pb_text][\/et_pb_column][\/et_pb_row][et_pb_row column_structure=\u00a0\u00bb2_5,3_5&Prime; custom_padding_last_edited=\u00a0\u00bbon|tablet\u00a0\u00bb _builder_version=\u00a0\u00bb4.4.2&Prime; background_enable_color=\u00a0\u00bboff\u00a0\u00bb background_enable_image=\u00a0\u00bboff\u00a0\u00bb transform_scale_tablet=\u00a0\u00bb\u00a0\u00bb transform_scale_phone=\u00a0\u00bb\u00a0\u00bb transform_scale_last_edited=\u00a0\u00bbon|desktop\u00a0\u00bb transform_translate=\u00a0\u00bb30px|0px\u00a0\u00bb transform_translate_tablet=\u00a0\u00bb0px|0px\u00a0\u00bb transform_translate_phone=\u00a0\u00bb\u00a0\u00bb transform_translate_last_edited=\u00a0\u00bbon|tablet\u00a0\u00bb transform_translate_linked=\u00a0\u00bboff\u00a0\u00bb transform_rotate_tablet=\u00a0\u00bb\u00a0\u00bb transform_rotate_phone=\u00a0\u00bb\u00a0\u00bb transform_rotate_last_edited=\u00a0\u00bbon|desktop\u00a0\u00bb transform_skew_tablet=\u00a0\u00bb\u00a0\u00bb transform_skew_phone=\u00a0\u00bb\u00a0\u00bb transform_skew_last_edited=\u00a0\u00bbon|desktop\u00a0\u00bb transform_origin_tablet=\u00a0\u00bb\u00a0\u00bb transform_origin_phone=\u00a0\u00bb\u00a0\u00bb transform_origin_last_edited=\u00a0\u00bbon|desktop\u00a0\u00bb transform_styles_last_edited=\u00a0\u00bbon|tablet\u00a0\u00bb width_tablet=\u00a0\u00bb90%\u00a0\u00bb width_phone=\u00a0\u00bb\u00a0\u00bb width_last_edited=\u00a0\u00bbon|desktop\u00a0\u00bb max_width=\u00a0\u00bb1200px\u00a0\u00bb custom_margin=\u00a0\u00bb|auto|82px|auto||\u00a0\u00bb custom_padding=\u00a0\u00bb57px|60px|57px|60px|true|true\u00a0\u00bb custom_padding_tablet=\u00a0\u00bb60px||60px||true|true\u00a0\u00bb custom_padding_phone=\u00a0\u00bb40px|20px|40px|20px|true|true\u00a0\u00bb transform_styles_tablet=\u00a0\u00bb\u00a0\u00bb transform_styles_phone=\u00a0\u00bb\u00a0\u00bb border_radii_phone=\u00a0\u00bboff|8px|8px||\u00a0\u00bb border_radii_last_edited=\u00a0\u00bboff|desktop\u00a0\u00bb box_shadow_style=\u00a0\u00bbpreset1&Prime; box_shadow_vertical=\u00a0\u00bb27px\u00a0\u00bb box_shadow_color=\u00a0\u00bbrgba(9,6,38,0.62)\u00a0\u00bb][et_pb_column type=\u00a0\u00bb2_5&Prime; _builder_version=\u00a0\u00bb3.26&Prime;][et_pb_image src=\u00a0\u00bbhttp:\/\/www.imagoformation.ch\/wp-content\/uploads\/2020\/04\/Untitled-1-scaled.jpg\u00a0\u00bb _builder_version=\u00a0\u00bb4.4.2&Prime;][\/et_pb_image][et_pb_image src=\u00a0\u00bbhttp:\/\/www.imagoformation.ch\/wp-content\/uploads\/2020\/04\/Page1-1.jpeg\u00a0\u00bb _builder_version=\u00a0\u00bb4.4.2&Prime;][\/et_pb_image][\/et_pb_column][et_pb_column type=\u00a0\u00bb3_5&Prime; _builder_version=\u00a0\u00bb4.4.2&Prime;][et_pb_text _builder_version=\u00a0\u00bb4.4.2&Prime;]<\/p>\n<h2><span style=\"color: #ff9900;\"><strong><\/strong><\/span><\/h2>\n<h2><span style=\"color: #ff9900;\"><strong>Formatrice de formateurs\u00a0<\/strong><\/span><\/h2>\n<p><span><\/span><\/p>\n<p><span><\/span><\/p>\n<p><span>\u00c0 c\u00f4t\u00e9 des cours de langue, Monica Dousse multiplie ses<\/span><span>\u00a0<\/span><span>activit\u00e9s de formatrice dans divers<\/span><span>\u00a0<\/span><span>domaines : en charge de l&rsquo;enseignement des modules d&rsquo;initiation dans le cadre du brevet f\u00e9d\u00e9ral, elle forme les futurs formateurs d&rsquo;adultes dans diff\u00e9rentes institutions. Responsable p\u00e9dagogique dans une association professionnelle, elle accompagne aussi des adultes peu scolaris\u00e9s pour l&rsquo;obtention d&rsquo;une qualification professionnelle dans le domaine de<\/span><span>\u00a0<\/span>l&rsquo;intendance, notamment \u00e0 travers le cours \u00abApprendre \u00e0 apprendre\u00bb. \u00abDonner confiance aux adultes en formation fait aussi partie de notre m\u00e9tier\u00bb, souligne la formatrice.<\/p>\n<p>[\/et_pb_text][et_pb_text _builder_version=\u00a0\u00bb4.4.2&Prime; custom_padding=\u00a0\u00bb0px|||||\u00a0\u00bb]<\/p>\n<h2><span style=\"color: #ff9900;\"><strong><\/strong><\/span><\/h2>\n<h2><span style=\"color: #ff9900;\"><strong><\/strong><\/span><\/h2>\n<h2><span style=\"color: #ff9900;\"><strong>Cr\u00e9atrice de cours\u00a0<\/strong><\/span><\/h2>\n<p><span style=\"color: #ff9900;\"><strong><\/strong><\/span><\/p>\n<p><span style=\"color: #ff9900;\"><strong><\/strong><\/span><\/p>\n<p><span>Jamais \u00e0 court d&rsquo;id\u00e9es, Monica Dousse cr\u00e9e aussi ses propres supports:<\/span><span>\u00a0<\/span><span>attentive aux nouvelles tendances dans la formation et aux outils utilis\u00e9s, elle imagine des cours r\u00e9pondant aux<\/span><span>\u00a0<\/span><span>besoins des adultes. \u00ab\u00a0Quand je constate<\/span><span>\u00a0<\/span><span>que mes \u00e9l\u00e8ves ont r\u00e9ussi \u00e0 utiliser les<\/span><span>\u00a0<\/span><span>connaissances exerc\u00e9es en cours pour<\/span><span>\u00a0<\/span><span>trouver un travail par exemple, je suis tr\u00e8s heureuse et cela me pousse \u00e0 continuer\u00a0\u00bb, conclut-elle.<\/span><\/p>\n<p>&nbsp;<\/p>\n<p>&nbsp;<\/p>\n<p>[\/et_pb_text][\/et_pb_column][\/et_pb_row][\/et_pb_section][et_pb_section fb_built=\u00a0\u00bb1&Prime; fullwidth=\u00a0\u00bbon\u00a0\u00bb _builder_version=\u00a0\u00bb4.4.6&Prime;][et_pb_fullwidth_image src=\u00a0\u00bbhttp:\/\/www.imagoformation.ch\/wp-content\/uploads\/2020\/04\/Banners1.png\u00a0\u00bb title_text=\u00a0\u00bbBanners1&Prime; _builder_version=\u00a0\u00bb4.4.6&Prime; min_height=\u00a0\u00bb452px\u00a0\u00bb][\/et_pb_fullwidth_image][\/et_pb_section]<\/p>\n<span class=\"et_bloom_bottom_trigger\"><\/span>","protected":false},"excerpt":{"rendered":"<p>Donner confiance aux adultes\u00a0 source: CSFO Editions Monica Dousse a d\u00e9j\u00e0 une longue exp\u00e9rience dans la formation des adultes et elle continue, pour le plaisir, \u00e0 enseigner sa langue maternelle. Ambassadrice de sa culture et de son pays, elle donne des cours d&rsquo;espagnol plusieurs fois pas semaine. Dans la salle de classe r\u00e9sonne la chanson [&hellip;]<\/p>\n","protected":false},"author":2,"featured_media":0,"parent":0,"menu_order":0,"comment_status":"closed","ping_status":"closed","template":"","meta":{"_et_pb_use_builder":"on","_et_pb_old_content":"","_et_gb_content_width":"","footnotes":""},"class_list":["post-984","page","type-page","status-publish","hentry"],"_links":{"self":[{"href":"http:\/\/www.imagoformation.ch\/index.php?rest_route=\/wp\/v2\/pages\/984"}],"collection":[{"href":"http:\/\/www.imagoformation.ch\/index.php?rest_route=\/wp\/v2\/pages"}],"about":[{"href":"http:\/\/www.imagoformation.ch\/index.php?rest_route=\/wp\/v2\/types\/page"}],"author":[{"embeddable":true,"href":"http:\/\/www.imagoformation.ch\/index.php?rest_route=\/wp\/v2\/users\/2"}],"replies":[{"embeddable":true,"href":"http:\/\/www.imagoformation.ch\/index.php?rest_route=%2Fwp%2Fv2%2Fcomments&post=984"}],"version-history":[{"count":20,"href":"http:\/\/www.imagoformation.ch\/index.php?rest_route=\/wp\/v2\/pages\/984\/revisions"}],"predecessor-version":[{"id":1233,"href":"http:\/\/www.imagoformation.ch\/index.php?rest_route=\/wp\/v2\/pages\/984\/revisions\/1233"}],"wp:attachment":[{"href":"http:\/\/www.imagoformation.ch\/index.php?rest_route=%2Fwp%2Fv2%2Fmedia&parent=984"}],"curies":[{"name":"wp","href":"https:\/\/api.w.org\/{rel}","templated":true}]}}