{"id":939,"date":"2020-04-18T00:57:16","date_gmt":"2020-04-17T22:57:16","guid":{"rendered":"http:\/\/www.imagoformation.ch\/?page_id=939"},"modified":"2020-06-05T14:21:22","modified_gmt":"2020-06-05T12:21:22","slug":"ce-mois-ci","status":"publish","type":"page","link":"http:\/\/www.imagoformation.ch\/?page_id=939","title":{"rendered":"Ce mois-ci"},"content":{"rendered":"<p>[et_pb_section fb_built=\u00a0\u00bb1&Prime; admin_label=\u00a0\u00bbAbout Us\u00a0\u00bb _builder_version=\u00a0\u00bb3.22&Prime;][et_pb_row column_structure=\u00a0\u00bb1_3,1_3,1_3&Prime; _builder_version=\u00a0\u00bb4.4.2&Prime; border_color_all=\u00a0\u00bb#0c71c3&Prime; border_width_top=\u00a0\u00bb0px\u00a0\u00bb border_width_bottom=\u00a0\u00bb0px\u00a0\u00bb custom_width_px=\u00a0\u00bb1280px\u00a0\u00bb][et_pb_column type=\u00a0\u00bb1_3&Prime; _builder_version=\u00a0\u00bb3.25&Prime; custom_padding=\u00a0\u00bb100px|||\u00a0\u00bb custom_padding_tablet=\u00a0\u00bb0px|||\u00a0\u00bb custom_padding_phone=\u00a0\u00bb\u00a0\u00bb custom_padding_last_edited=\u00a0\u00bbon|tablet\u00a0\u00bb padding_tablet=\u00a0\u00bb0px|||\u00a0\u00bb padding_last_edited=\u00a0\u00bbon|tablet\u00a0\u00bb custom_padding__hover=\u00a0\u00bb|||\u00a0\u00bb][et_pb_text _builder_version=\u00a0\u00bb4.4.2&Prime; text_font=\u00a0\u00bb||||||||\u00a0\u00bb text_font_size=\u00a0\u00bb15px\u00a0\u00bb text_line_height=\u00a0\u00bb2em\u00a0\u00bb ul_font=\u00a0\u00bb||||||||\u00a0\u00bb ol_font=\u00a0\u00bb||||||||\u00a0\u00bb header_font=\u00a0\u00bb||||||||\u00a0\u00bb header_2_font=\u00a0\u00bbEB Garamond||||||||\u00a0\u00bb header_2_font_size=\u00a0\u00bb50px\u00a0\u00bb header_2_line_height=\u00a0\u00bb1.3em\u00a0\u00bb header_3_font=\u00a0\u00bb||||||||\u00a0\u00bb header_4_font=\u00a0\u00bb|700||on|||||\u00a0\u00bb header_4_text_color=\u00a0\u00bb#ffdaa4&Prime; header_4_font_size=\u00a0\u00bb12px\u00a0\u00bb header_4_letter_spacing=\u00a0\u00bb2px\u00a0\u00bb header_4_line_height=\u00a0\u00bb2em\u00a0\u00bb header_5_font=\u00a0\u00bb||||||||\u00a0\u00bb header_6_font=\u00a0\u00bb||||||||\u00a0\u00bb text_line_height_tablet=\u00a0\u00bb\u00a0\u00bb text_line_height_phone=\u00a0\u00bb1.6em\u00a0\u00bb text_line_height_last_edited=\u00a0\u00bbon|phone\u00a0\u00bb header_2_font_size_tablet=\u00a0\u00bb40px\u00a0\u00bb header_2_font_size_phone=\u00a0\u00bb30px\u00a0\u00bb header_2_font_size_last_edited=\u00a0\u00bbon|phone\u00a0\u00bb border_color_all=\u00a0\u00bb#e09900&Prime; locked=\u00a0\u00bboff\u00a0\u00bb custom_padding=\u00a0\u00bb3px|||||\u00a0\u00bb]<\/p>\n<h3 style=\"text-align: center;\">La citation du mois<\/h3>\n<h3 style=\"text-align: center;\"><em>\u00ab\u00a0L\u2019adulte, c\u2019est un enfant gonfl\u00e9 d\u2019\u00e2ge\u00a0\u00bb<\/em><\/h3>\n<h3 style=\"text-align: center;\"><em>Simone de Beauvoir<\/em><\/h3>\n<p>&nbsp;<\/p>\n<p>[\/et_pb_text][\/et_pb_column][et_pb_column type=\u00a0\u00bb1_3&Prime; _builder_version=\u00a0\u00bb4.4.2&Prime;][et_pb_text _builder_version=\u00a0\u00bb4.4.6&Prime; border_color_all=\u00a0\u00bb#e09900&Prime;]<\/p>\n<h4 style=\"text-align: center;\">Le livre du mois<\/h4>\n<p><strong><span>La m\u00e9taphore, <\/span><\/strong><strong><span>voie royale de la communication <\/span><\/strong><\/p>\n<p style=\"text-align: justify;\"><span>Les m\u00e9taphores font appel \u00e0 notre intuition et \u00e0 notre affect. Elles contournent les r\u00e9sistances, s\u2019ancrent dans les m\u00e9moires, facilitent une n\u00e9gociation d\u00e9licate. Cet ouvrage montre comment se les r\u00e9approprier en enrichir sa parole par ce formidable outil de communication et d\u2019expression.<\/span><\/p>\n<p><strong>InterEditions<\/strong><\/p>\n<p><img loading=\"lazy\" decoding=\"async\" src=\"http:\/\/www.imagoformation.ch\/wp-content\/uploads\/2020\/04\/Le-livre-du-mois-238x300.png\" width=\"238\" height=\"300\" alt=\"\" class=\"wp-image-954 alignnone size-medium\" style=\"display: block; margin-left: auto; margin-right: auto;\" srcset=\"http:\/\/www.imagoformation.ch\/wp-content\/uploads\/2020\/04\/Le-livre-du-mois-238x300.png 238w, http:\/\/www.imagoformation.ch\/wp-content\/uploads\/2020\/04\/Le-livre-du-mois.png 343w\" sizes=\"(max-width: 238px) 100vw, 238px\" \/><\/p>\n<p>[\/et_pb_text][\/et_pb_column][et_pb_column type=\u00a0\u00bb1_3&Prime; _builder_version=\u00a0\u00bb4.4.6&Prime;][et_pb_text _builder_version=\u00a0\u00bb4.4.2&Prime; border_color_all=\u00a0\u00bb#e09900&Prime;]<\/p>\n<h3 style=\"text-align: center;\">L&rsquo;image du mois<\/h3>\n<p><img loading=\"lazy\" decoding=\"async\" src=\"http:\/\/www.imagoformation.ch\/wp-content\/uploads\/2020\/04\/Limage-du-mois-300x279.png\" width=\"300\" height=\"279\" alt=\"\" class=\"wp-image-956 alignnone size-medium\" style=\"display: block; margin-left: auto; margin-right: auto;\" srcset=\"http:\/\/www.imagoformation.ch\/wp-content\/uploads\/2020\/04\/Limage-du-mois-300x279.png 300w, http:\/\/www.imagoformation.ch\/wp-content\/uploads\/2020\/04\/Limage-du-mois.png 468w\" sizes=\"(max-width: 300px) 100vw, 300px\" \/><\/p>\n<p>&nbsp;<\/p>\n<p>[\/et_pb_text][\/et_pb_column][\/et_pb_row][et_pb_row _builder_version=\u00a0\u00bb4.4.2&Prime;][et_pb_column type=\u00a0\u00bb4_4&Prime; _builder_version=\u00a0\u00bb4.4.2&Prime;][et_pb_divider _builder_version=\u00a0\u00bb4.4.2&Prime;][\/et_pb_divider][\/et_pb_column][\/et_pb_row][et_pb_row _builder_version=\u00a0\u00bb4.4.2&Prime;][et_pb_column type=\u00a0\u00bb4_4&Prime; _builder_version=\u00a0\u00bb4.4.2&Prime;][et_pb_text _builder_version=\u00a0\u00bb4.4.6&Prime;]<\/p>\n<h3 style=\"text-align: center;\"><strong>Le conte du mois<\/strong><\/h3>\n<p>[\/et_pb_text][\/et_pb_column][\/et_pb_row][et_pb_row column_structure=\u00a0\u00bb2_5,3_5&Prime; _builder_version=\u00a0\u00bb3.25&Prime; locked=\u00a0\u00bboff\u00a0\u00bb][et_pb_column type=\u00a0\u00bb2_5&Prime; _builder_version=\u00a0\u00bb3.25&Prime; custom_padding=\u00a0\u00bb|||\u00a0\u00bb custom_padding__hover=\u00a0\u00bb|||\u00a0\u00bb][et_pb_image src=\u00a0\u00bbhttp:\/\/www.imagoformation.ch\/wp-content\/uploads\/2020\/04\/Sans-titre.png\u00a0\u00bb _builder_version=\u00a0\u00bb4.4.2&Prime;][\/et_pb_image][\/et_pb_column][et_pb_column type=\u00a0\u00bb3_5&Prime; _builder_version=\u00a0\u00bb4.4.2&Prime;][et_pb_text _builder_version=\u00a0\u00bb4.4.6&Prime; text_font=\u00a0\u00bb||||||||\u00a0\u00bb text_orientation=\u00a0\u00bbjustified\u00a0\u00bb width=\u00a0\u00bb100%\u00a0\u00bb max_width=\u00a0\u00bb100%\u00a0\u00bb module_alignment=\u00a0\u00bbright\u00a0\u00bb]<\/p>\n<h2 style=\"text-align: justify;\"><span style=\"color: #333333;\"><strong>Le r\u00f4ti du dimanche<\/strong><\/span><\/h2>\n<p>&nbsp;<\/p>\n<p style=\"text-align: justify;\">Marie sert \u00e0 Pierre un r\u00f4ti de porc.<\/p>\n<p style=\"text-align: justify;\">\u00ab\u00a0D\u00e9licieux ! Mais dis-moi, il y a une question que je voulais te poser depuis longtemps : pourquoi coupes-tu les deux extr\u00e9mit\u00e9s du r\u00f4ti ?<\/p>\n<p style=\"text-align: justify;\">&#8211; Ch\u00e9ri, je l&rsquo;ai toujours vu faire comme cela par ma m\u00e8re. Mais tu as raison, je vais lui demander.<\/p>\n<p style=\"text-align: justify;\">&#8211; All\u00f4, maman ? Dis-moi, Pierre m&rsquo;a demand\u00e9 pourquoi nous coupons les deux extr\u00e9mit\u00e9s des r\u00f4tis. Je n&rsquo;ai pas pu lui expliquer. Pourquoi le fais-tu ?<\/p>\n<p style=\"text-align: justify;\">&#8211; Ecoute, ch\u00e9rie, ta grand-m\u00e8re faisait toujours comme cela. Tu devrais lui demander.\u00a0\u00bb<\/p>\n<p>Plus tard&#8230;<\/p>\n<p>\u00ab\u00a0All\u00f4, grand-m\u00e8re ? Peux-tu m&rsquo;expliquer pourquoi il faut couper les deux bouts d&rsquo;un r\u00f4ti pour qu&rsquo;il soit meilleur ? Maman n&rsquo;a pas pu m&rsquo;expliquer&#8230;<\/p>\n<p>&#8211; Mon enfant, autant que je me souvienne, j&rsquo;ai toujours fait comme cela tout simplement parce que les r\u00f4tis ne rentraient\u00a0pas dans ma marmite. Je devais couper les deux bouts pour qu&rsquo;ils y entrent !\u00a0\u00bb<\/p>\n<p>Avant d\u2019imiter quelqu\u2019un d\u2019autre, demandez-vous toujours pour quelle raison il agit ainsi.<\/p>\n<p>Vous pouvez faire tout ce que vous souhaitez en formation, simplement, sachez pourquoi vous le faites.<\/p>\n<p>[\/et_pb_text][\/et_pb_column][\/et_pb_row][\/et_pb_section][et_pb_section fb_built=\u00a0\u00bb1&Prime; fullwidth=\u00a0\u00bbon\u00a0\u00bb _builder_version=\u00a0\u00bb4.4.2&Prime;][et_pb_fullwidth_image src=\u00a0\u00bbhttp:\/\/www.imagoformation.ch\/wp-content\/uploads\/2020\/04\/Banners1.png\u00a0\u00bb _builder_version=\u00a0\u00bb4.4.2&Prime; width=\u00a0\u00bb100%\u00a0\u00bb module_alignment=\u00a0\u00bbcenter\u00a0\u00bb][\/et_pb_fullwidth_image][\/et_pb_section][et_pb_section fb_built=\u00a0\u00bb1&Prime; fullwidth=\u00a0\u00bbon\u00a0\u00bb _builder_version=\u00a0\u00bb4.4.2&Prime;][et_pb_fullwidth_post_title title=\u00a0\u00bboff\u00a0\u00bb meta=\u00a0\u00bboff\u00a0\u00bb featured_image=\u00a0\u00bboff\u00a0\u00bb _builder_version=\u00a0\u00bb4.4.2&Prime;][\/et_pb_fullwidth_post_title][\/et_pb_section]<\/p>\n<span class=\"et_bloom_bottom_trigger\"><\/span>","protected":false},"excerpt":{"rendered":"<p>La citation du mois \u00ab\u00a0L\u2019adulte, c\u2019est un enfant gonfl\u00e9 d\u2019\u00e2ge\u00a0\u00bb Simone de Beauvoir &nbsp;Le livre du mois La m\u00e9taphore, voie royale de la communication Les m\u00e9taphores font appel \u00e0 notre intuition et \u00e0 notre affect. Elles contournent les r\u00e9sistances, s\u2019ancrent dans les m\u00e9moires, facilitent une n\u00e9gociation d\u00e9licate. Cet ouvrage montre comment se les r\u00e9approprier en [&hellip;]<\/p>\n","protected":false},"author":2,"featured_media":0,"parent":0,"menu_order":0,"comment_status":"closed","ping_status":"closed","template":"","meta":{"_et_pb_use_builder":"on","_et_pb_old_content":"","_et_gb_content_width":"","footnotes":""},"class_list":["post-939","page","type-page","status-publish","hentry"],"_links":{"self":[{"href":"http:\/\/www.imagoformation.ch\/index.php?rest_route=\/wp\/v2\/pages\/939"}],"collection":[{"href":"http:\/\/www.imagoformation.ch\/index.php?rest_route=\/wp\/v2\/pages"}],"about":[{"href":"http:\/\/www.imagoformation.ch\/index.php?rest_route=\/wp\/v2\/types\/page"}],"author":[{"embeddable":true,"href":"http:\/\/www.imagoformation.ch\/index.php?rest_route=\/wp\/v2\/users\/2"}],"replies":[{"embeddable":true,"href":"http:\/\/www.imagoformation.ch\/index.php?rest_route=%2Fwp%2Fv2%2Fcomments&post=939"}],"version-history":[{"count":16,"href":"http:\/\/www.imagoformation.ch\/index.php?rest_route=\/wp\/v2\/pages\/939\/revisions"}],"predecessor-version":[{"id":1201,"href":"http:\/\/www.imagoformation.ch\/index.php?rest_route=\/wp\/v2\/pages\/939\/revisions\/1201"}],"wp:attachment":[{"href":"http:\/\/www.imagoformation.ch\/index.php?rest_route=%2Fwp%2Fv2%2Fmedia&parent=939"}],"curies":[{"name":"wp","href":"https:\/\/api.w.org\/{rel}","templated":true}]}}