{"id":172,"date":"2019-09-08T09:51:32","date_gmt":"2019-09-08T07:51:32","guid":{"rendered":"http:\/\/www.imagoformation.ch\/?page_id=172"},"modified":"2020-06-12T10:51:48","modified_gmt":"2020-06-12T08:51:48","slug":"nos-formations","status":"publish","type":"page","link":"http:\/\/www.imagoformation.ch\/?page_id=172","title":{"rendered":"Nos formations"},"content":{"rendered":"<p>[et_pb_section fb_built=\u00a0\u00bb1&Prime; _builder_version=\u00a0\u00bb3.27.3&Prime; custom_padding=\u00a0\u00bb24px|||||\u00a0\u00bb][et_pb_row _builder_version=\u00a0\u00bb4.3.2&Prime; custom_padding=\u00a0\u00bb27px|||||\u00a0\u00bb][et_pb_column type=\u00a0\u00bb4_4&Prime; _builder_version=\u00a0\u00bb4.3.2&Prime;][et_pb_text _builder_version=\u00a0\u00bb4.4.7&Prime;]<\/p>\n<h1 style=\"text-align: center;\"><strong><span style=\"color: rgba(0, 87, 193, 0.690196);\"><em>Quelques-unes de nos formations<\/em><\/span><\/strong><\/h1>\n<p><strong><span style=\"color: rgba(0, 87, 193, 0.690196);\"><em><\/em><\/span><\/strong><\/p>\n<p><strong><span style=\"color: rgba(0, 87, 193, 0.690196);\"><em><\/em><\/span><\/strong><\/p>\n<h4 style=\"text-align: justify;\"><span style=\"color: #808080;\"><em><span lang=\"FR-CH\">La palette de nos cours est beaucoup plus large et nous cr\u00e9ons aussi des cours sur mesure, selon vos besoins et vos envies.<\/span><\/em><\/span><\/h4>\n<h4 style=\"text-align: justify;\"><span style=\"color: #808080;\"><em><span lang=\"FR-CH\">Pour en savoir plus, veuillez prendre contact avec nous\u00a0: <span style=\"color: #ff6600;\"><a href=\"mailto:contact@imagoformation.ch\" target=\"_blank\" rel=\"noopener noreferrer\" style=\"color: #ff6600;\">contact@imagoformation.ch<\/a><\/span><\/span><\/em><\/span><\/h4>\n<p>&nbsp;<\/p>\n<p>[\/et_pb_text][\/et_pb_column][\/et_pb_row][et_pb_row column_structure=\u00a0\u00bb1_3,1_3,1_3&Prime; _builder_version=\u00a0\u00bb4.3.2&Prime; module_alignment=\u00a0\u00bbcenter\u00a0\u00bb custom_margin=\u00a0\u00bb|397px||auto||\u00a0\u00bb][et_pb_column type=\u00a0\u00bb1_3&Prime; _builder_version=\u00a0\u00bb4.3.2&Prime;][et_pb_text _builder_version=\u00a0\u00bb4.0.9&Prime; link_option_url=\u00a0\u00bbhttp:\/\/www.imagoformation.ch\/?page_id=108&Prime; box_shadow_style=\u00a0\u00bbpreset3&Prime; box_shadow_vertical=\u00a0\u00bb-10px\u00a0\u00bb]<\/p>\n<p style=\"text-align: center;\"><a href=\"http:\/\/www.imagoformation.ch\/?page_id=108\"><img loading=\"lazy\" decoding=\"async\" src=\"http:\/\/www.imagoformation.ch\/wp-content\/uploads\/2019\/12\/Illustraciones-Imago_2.1_2-300x188.jpg\" width=\"394\" height=\"247\" alt=\"\" class=\"wp-image-712 alignnone size-medium\" \/><\/a><\/p>\n<p style=\"text-align: center;\"><i>\u00ab\u00a0Ense\u00f1ar no es transferir conocimiento, sino crear las posibilidades para su producci\u00f3n o su construcci\u00f3n. Quien ense\u00f1a aprende al ense\u00f1ar y quien ense\u00f1a aprende a aprender.\u00a0\u00bb\u00a0\u00a0<\/i><\/p>\n<p style=\"text-align: center;\"><i>\u00a0 \u00a0 \u00a0 \u00a0 \u00a0 \u00a0 \u00a0 \u00a0 \u00a0 \u00a0 \u00a0 \u00a0 \u00a0 \u00a0 \u00a0 \u00a0 \u00a0 \u00a0 \u00a0 \u00a0 \u00a0 \u00a0 \u00a0 \u00a0 \u00a0 \u00a0 \u00a0 Paulo Freire\u00a0<\/i><\/p>\n<p>[\/et_pb_text][et_pb_text _builder_version=\u00a0\u00bb4.3.2&Prime; min_height=\u00a0\u00bb349px\u00a0\u00bb box_shadow_style=\u00a0\u00bbpreset1&Prime; box_shadow_horizontal=\u00a0\u00bb5px\u00a0\u00bb box_shadow_vertical=\u00a0\u00bb-3px\u00a0\u00bb]<\/p>\n<p style=\"text-align: center;\"><a href=\"http:\/\/www.imagoformation.ch\/?page_id=139&amp;et_fb=1&amp;PageSpeed=off\"><img loading=\"lazy\" decoding=\"async\" src=\"http:\/\/www.imagoformation.ch\/wp-content\/uploads\/2020\/02\/IMAGO-Ilustraciones-1-01-300x188.png\" width=\"300\" height=\"188\" alt=\"\" class=\"wp-image-739 alignnone size-medium\" \/><\/a><\/p>\n<p style=\"text-align: center;\"><em>\u00ab\u00a0Il faut savoir jouer avec le savoir. Le jeu est la respiration de l&rsquo;effort, l&rsquo;autre battement du coeur, il ne nuit pas au s\u00e9rieux de l&rsquo;apprentissage, il en est le contrepoint.\u00a0\u00bb\u00a0<\/em><\/p>\n<p style=\"text-align: center;\"><span><i><span style=\"text-decoration: underline;\">Chagrin d\u2019\u00e9cole<\/span> &#8211; Daniel Pennac <\/i><\/span><\/p>\n<p>[\/et_pb_text][\/et_pb_column][et_pb_column type=\u00a0\u00bb1_3&Prime; _builder_version=\u00a0\u00bb4.4.2&Prime;][et_pb_text _builder_version=\u00a0\u00bb4.3.2&Prime; min_height=\u00a0\u00bb325px\u00a0\u00bb link_option_url=\u00a0\u00bbhttp:\/\/www.imagoformation.ch\/?page_id=108&Prime; box_shadow_style=\u00a0\u00bbpreset1&Prime;]<\/p>\n<p style=\"text-align: center;\"><a href=\"http:\/\/www.imagoformation.ch\/?page_id=134\"><img loading=\"lazy\" decoding=\"async\" src=\"http:\/\/www.imagoformation.ch\/wp-content\/uploads\/2019\/12\/Illustraciones-Imago_2.1_1-300x188.jpg\" width=\"370\" height=\"232\" alt=\"\" class=\"wp-image-711 alignnone size-medium\" \/><\/a><\/p>\n<p style=\"text-align: center;\"><i>\u00ab\u00a0Car si la pens\u00e9e cr\u00e9e, le verbe MANIFESTE.\u00a0\u00bb\u00a0<\/i><\/p>\n<p style=\"text-align: center;\"><i>\u00a0 \u00a0 \u00a0 \u00a0 \u00a0 \u00a0 \u00a0 \u00a0 \u00a0 \u00a0 \u00a0 \u00a0 \u00a0 \u00a0 \u00a0 \u00a0 \u00a0 \u00a0 \u00a0 \u00a0 \u00a0 \u00a0Jacques Martel<\/i><\/p>\n<p>[\/et_pb_text][et_pb_text _builder_version=\u00a0\u00bb4.3.2&Prime; min_height=\u00a0\u00bb325px\u00a0\u00bb custom_padding=\u00a0\u00bb|0px||||\u00a0\u00bb box_shadow_style=\u00a0\u00bbpreset1&Prime;]<\/p>\n<p><a href=\"http:\/\/www.imagoformation.ch\/?page_id=653&amp;et_fb=1&amp;PageSpeed=off\"><img loading=\"lazy\" decoding=\"async\" src=\"http:\/\/www.imagoformation.ch\/wp-content\/uploads\/2020\/02\/IMAGO-Ilustraciones-02-300x188.png\" width=\"300\" height=\"188\" alt=\"\" class=\"wp-image-743 alignnone size-medium\" style=\"display: block; margin-left: auto; margin-right: auto;\" \/><\/a><\/p>\n<p style=\"text-align: center;\"><i>\u00ab\u00a0Parfois je pense ; et parfois je suis.\u00a0\u00bb<\/i><\/p>\n<p style=\"text-align: center;\"><em>\u00a0 \u00a0 \u00a0 \u00a0 \u00a0 \u00a0 \u00a0 \u00a0 \u00a0 \u00a0 \u00a0 \u00a0 \u00a0 \u00a0 \u00a0 \u00a0 \u00a0 \u00a0 \u00a0 \u00a0Paul Val\u00e9ry<\/em><\/p>\n<p>[\/et_pb_text][\/et_pb_column][et_pb_column type=\u00a0\u00bb1_3&Prime; _builder_version=\u00a0\u00bb4.4.2&Prime;][et_pb_text _builder_version=\u00a0\u00bb4.3.2&Prime; link_option_url=\u00a0\u00bbhttp:\/\/www.imagoformation.ch\/?page_id=144&Prime; box_shadow_style=\u00a0\u00bbpreset3&Prime; box_shadow_vertical=\u00a0\u00bb-9px\u00a0\u00bb]<\/p>\n<p style=\"text-align: center;\"><a href=\"http:\/\/www.imagoformation.ch\/?page_id=144\" target=\"_blank\" rel=\"noopener noreferrer\"><img loading=\"lazy\" decoding=\"async\" src=\"http:\/\/www.imagoformation.ch\/wp-content\/uploads\/2019\/12\/Illustraciones-Imago_2.1_3-300x188.jpg\" width=\"388\" height=\"243\" alt=\"\" class=\"wp-image-713 alignnone size-medium\" \/><\/a><\/p>\n<p style=\"text-align: center;\"><span><i>\u00ab\u00a0Un discours doit \u00eatre \u00e0 l\u2019image de la robe d\u2019une\u00a0<\/i><\/span><i>femme; suffisamment court pour retenir l<\/i><i>\u2019attention, suffisamment long pour couvrir le \u00a0<\/i><i>sujet.\u00a0\u00bb<\/i><i>\u00a0 \u00a0 \u00a0 \u00a0 \u00a0 \u00a0 \u00a0 \u00a0 \u00a0 \u00a0 \u00a0<\/i><\/p>\n<p style=\"text-align: center;\"><i style=\"font-size: 14px;\">\u00a0 \u00a0 \u00a0 \u00a0 \u00a0 \u00a0 \u00a0 \u00a0 \u00a0 \u00a0 \u00a0 \u00a0 \u00a0 \u00a0 \u00a0 \u00a0 \u00a0 \u00a0 \u00a0 \u00a0 \u00a0 \u00a0 \u00a0 \u00a0 \u00a0 \u00a0 \u00a0 Sacha Guitry<\/i><\/p>\n<p>[\/et_pb_text][et_pb_text _builder_version=\u00a0\u00bb4.3.2&Prime; link_option_url=\u00a0\u00bbhttp:\/\/www.imagoformation.ch\/?page_id=122&Prime; box_shadow_style=\u00a0\u00bbpreset1&Prime;]<\/p>\n<p style=\"text-align: center;\"><a href=\"http:\/\/www.imagoformation.ch\/?page_id=122\" target=\"_blank\" rel=\"noopener noreferrer\"><img loading=\"lazy\" decoding=\"async\" src=\"http:\/\/www.imagoformation.ch\/wp-content\/uploads\/2019\/12\/Illustraciones-Imago_2.1_4-300x188.jpg\" width=\"349\" height=\"219\" alt=\"\" class=\"wp-image-714 alignnone size-medium\" \/><\/a><\/p>\n<p style=\"text-align: center;\"><i style=\"font-size: 14px;\">\u00ab\u00a0Ce que je cache par mon langage, mon corps le dit. Mon corps est un enfant ent\u00eat\u00e9. Mon langage est un adulte tr\u00e8s civilis\u00e9.\u00a0\u00bb<\/i><span style=\"font-size: 14px;\">\u00a0<\/span><i style=\"font-size: 14px;\">\u00a0 \u00a0 \u00a0 \u00a0 \u00a0 \u00a0 \u00a0 \u00a0 \u00a0 \u00a0 \u00a0 \u00a0 \u00a0 \u00a0 \u00a0 \u00a0 \u00a0 \u00a0 \u00a0 \u00a0 \u00a0 \u00a0 \u00a0 \u00a0 \u00a0 \u00a0 \u00a0<\/i><\/p>\n<p style=\"text-align: center;\"><i style=\"font-size: 14px;\">\u00a0 \u00a0 \u00a0 \u00a0 \u00a0 \u00a0 \u00a0 \u00a0 \u00a0 \u00a0 \u00a0 \u00a0 \u00a0 \u00a0 \u00a0 \u00a0 \u00a0 \u00a0 \u00a0 \u00a0 \u00a0 \u00a0 \u00a0 \u00a0 \u00a0 \u00a0 \u00a0Sacha Guitry<\/i><\/p>\n<p>[\/et_pb_text][\/et_pb_column][\/et_pb_row][\/et_pb_section]<\/p>\n<span class=\"et_bloom_bottom_trigger\"><\/span>","protected":false},"excerpt":{"rendered":"<p>Quelques-unes de nos formations La palette de nos cours est beaucoup plus large et nous cr\u00e9ons aussi des cours sur mesure, selon vos besoins et vos envies. Pour en savoir plus, veuillez prendre contact avec nous\u00a0: contact@imagoformation.ch &nbsp; \u00ab\u00a0Ense\u00f1ar no es transferir conocimiento, sino crear las posibilidades para su producci\u00f3n o su construcci\u00f3n. Quien ense\u00f1a [&hellip;]<\/p>\n","protected":false},"author":1,"featured_media":0,"parent":0,"menu_order":0,"comment_status":"closed","ping_status":"closed","template":"","meta":{"_et_pb_use_builder":"on","_et_pb_old_content":"","_et_gb_content_width":"","footnotes":""},"class_list":["post-172","page","type-page","status-publish","hentry"],"_links":{"self":[{"href":"http:\/\/www.imagoformation.ch\/index.php?rest_route=\/wp\/v2\/pages\/172"}],"collection":[{"href":"http:\/\/www.imagoformation.ch\/index.php?rest_route=\/wp\/v2\/pages"}],"about":[{"href":"http:\/\/www.imagoformation.ch\/index.php?rest_route=\/wp\/v2\/types\/page"}],"author":[{"embeddable":true,"href":"http:\/\/www.imagoformation.ch\/index.php?rest_route=\/wp\/v2\/users\/1"}],"replies":[{"embeddable":true,"href":"http:\/\/www.imagoformation.ch\/index.php?rest_route=%2Fwp%2Fv2%2Fcomments&post=172"}],"version-history":[{"count":36,"href":"http:\/\/www.imagoformation.ch\/index.php?rest_route=\/wp\/v2\/pages\/172\/revisions"}],"predecessor-version":[{"id":1220,"href":"http:\/\/www.imagoformation.ch\/index.php?rest_route=\/wp\/v2\/pages\/172\/revisions\/1220"}],"wp:attachment":[{"href":"http:\/\/www.imagoformation.ch\/index.php?rest_route=%2Fwp%2Fv2%2Fmedia&parent=172"}],"curies":[{"name":"wp","href":"https:\/\/api.w.org\/{rel}","templated":true}]}}