{"id":144,"date":"2019-09-07T10:25:33","date_gmt":"2019-09-07T08:25:33","guid":{"rendered":"http:\/\/www.imagoformation.ch\/?page_id=144"},"modified":"2020-06-12T10:54:02","modified_gmt":"2020-06-12T08:54:02","slug":"moins-je-parle-mieux-je-forme","status":"publish","type":"page","link":"http:\/\/www.imagoformation.ch\/?page_id=144","title":{"rendered":"Moins je parle mieux je forme"},"content":{"rendered":"<p>[et_pb_section fb_built=\u00a0\u00bb1&Prime; _builder_version=\u00a0\u00bb3.27.3&Prime;][et_pb_row _builder_version=\u00a0\u00bb4.4.7&Prime;][et_pb_column type=\u00a0\u00bb4_4&Prime; _builder_version=\u00a0\u00bb4.4.7&Prime;][et_pb_image src=\u00a0\u00bbhttp:\/\/www.imagoformation.ch\/wp-content\/uploads\/2019\/12\/Illustraciones-Imago_2.1_3.jpg\u00a0\u00bb title_text=\u00a0\u00bbIlustraci\u00f3n Imago\u00a0\u00bb _builder_version=\u00a0\u00bb4.4.7&Prime;][\/et_pb_image][\/et_pb_column][\/et_pb_row][et_pb_row column_structure=\u00a0\u00bb1_2,1_2&Prime; _builder_version=\u00a0\u00bb3.27.3&Prime; custom_padding=\u00a0\u00bb25px|||||\u00a0\u00bb][et_pb_column type=\u00a0\u00bb1_2&Prime; _builder_version=\u00a0\u00bb3.27.3&Prime;][et_pb_text _builder_version=\u00a0\u00bb4.4.7&Prime;]<\/p>\n<h5 style=\"text-align: justify;\"><strong>MOINS JE PARLE MIEUX JE FORME<i><\/i><\/strong><\/h5>\n<p class=\"Default\" align=\"center\"><b><i><span>Fonction du silence en andragogie, temps de parole du participant et du formateur<o:p><\/o:p><\/span><\/i><\/b><\/p>\n<p style=\"text-align: justify;\"><span><i>\u00ab\u00a0Un discours doit \u00eatre \u00e0 l\u2019image de la robe d\u2019une\u00a0<\/i><\/span><i style=\"font-size: 14px;\">femme; suffisamment court pour retenir\u00a0<\/i><i style=\"font-size: 14px;\">l\u2019attention, suffisamment long pour couvrir le\u00a0<\/i><i style=\"font-size: 14px;\">sujet. \u00bb \u00a0 \u00a0 \u00a0 \u00a0 \u00a0 \u00a0 \u00a0 \u00a0 \u00a0 \u00a0 \u00a0 \u00a0 \u00a0 \u00a0\u00a0<\/i><\/p>\n<p><span><i>\u00a0 \u00a0 \u00a0 \u00a0 \u00a0 \u00a0 \u00a0 \u00a0 \u00a0 \u00a0 \u00a0 \u00a0 \u00a0 \u00a0 \u00a0 \u00a0 \u00a0 \u00a0 \u00a0 \u00a0 \u00a0 \u00a0 \u00a0 \u00a0 \u00a0 \u00a0 \u00a0 \u00a0 \u00a0 \u00a0 \u00a0 \u00a0 \u00a0 \u00a0 \u00a0 \u00a0 \u00a0 \u00a0 \u00a0 Sacha Guitry<\/i><\/span><\/p>\n<p><span><i>\u00a0<\/i><\/span><\/p>\n<p style=\"text-align: justify;\"><strong>Descriptif\u00a0<\/strong><\/p>\n<p style=\"text-align: justify;\">Toute situation de communication est riche de\u00a0l\u2019\u00e9coute que nous y mettons; elle nous permet\u00a0de r\u00e9agir en captant les besoins de\u00a0l\u2019interlocuteur, en tenant compte de sa\u00a0culture et de son individualit\u00e9.<\/p>\n<p style=\"text-align: justify;\">En exp\u00e9rimentant la force du silence et ses fonctions multiples, nous apprenons \u00e0 donner une parole formative \u00e0 nos participants.<\/p>\n<p style=\"text-align: justify;\"><strong><\/strong><\/p>\n<p style=\"text-align: justify;\"><strong>Contenu\u00a0<\/strong><\/p>\n<p style=\"text-align: justify;\">&#8211; fonction et utilisation du silence en andragogie\u00a0: ce qu\u2019il dit, ce qu\u2019il contient<\/p>\n<p style=\"text-align: justify;\">&#8211; exercer le silence andragogique \u2013 formateur<span>\u00a0 <\/span><\/p>\n<p style=\"text-align: justify;\">&#8211; exercer son silence int\u00e9rieur<\/p>\n<p style=\"text-align: justify;\">&#8211; temps et silence<\/p>\n<p style=\"text-align: justify;\"><strong><\/strong><\/p>\n<p style=\"text-align: justify;\"><strong>Objectifs\u00a0<\/strong><\/p>\n<p style=\"text-align: justify;\">Les participants exp\u00e9rimenteront :<\/p>\n<p style=\"text-align: justify;\">&#8211; l\u2019exercice et l\u2019\u00e9nergie du silence<\/p>\n<p style=\"text-align: justify;\">&#8211; l\u2019apport du fait de se taire en tant que formateur<\/p>\n<p style=\"text-align: justify;\">&#8211; le don de la parole<\/p>\n<p style=\"text-align: justify;\">&#8211; l\u2019\u00e9conomie de sa voix, la canalisation de ses forces et de son \u00e9nergie pour pr\u00e9server leur sant\u00e9<\/p>\n<p style=\"text-align: justify;\"><strong>Public cible\u00a0<\/strong><\/p>\n<p style=\"text-align: justify;\">Formateurs \/ Professeurs \/ Instituteurs \/ Ma\u00eetres de formation \/ Enseignants<\/p>\n<p>[\/et_pb_text][\/et_pb_column][et_pb_column type=\u00a0\u00bb1_2&Prime; _builder_version=\u00a0\u00bb3.27.3&Prime;][et_pb_code _builder_version=\u00a0\u00bb4.0.7&Prime; background_color=\u00a0\u00bbrgba(0,0,0,0)\u00a0\u00bb text_orientation=\u00a0\u00bbleft\u00a0\u00bb]\n<div class=\"wpcf7 no-js\" id=\"wpcf7-f662-o1\" lang=\"en-US\" dir=\"ltr\" data-wpcf7-id=\"662\">\n<div class=\"screen-reader-response\"><p role=\"status\" aria-live=\"polite\" aria-atomic=\"true\"><\/p> <ul><\/ul><\/div>\n<form action=\"\/index.php?rest_route=%2Fwp%2Fv2%2Fpages%2F144#wpcf7-f662-o1\" method=\"post\" class=\"wpcf7-form init\" aria-label=\"Contact form\" novalidate=\"novalidate\" data-status=\"init\">\n<div style=\"display: none;\">\n<input type=\"hidden\" name=\"_wpcf7\" value=\"662\" \/>\n<input type=\"hidden\" name=\"_wpcf7_version\" value=\"6.0\" \/>\n<input type=\"hidden\" name=\"_wpcf7_locale\" value=\"en_US\" \/>\n<input type=\"hidden\" name=\"_wpcf7_unit_tag\" value=\"wpcf7-f662-o1\" \/>\n<input type=\"hidden\" name=\"_wpcf7_container_post\" value=\"0\" \/>\n<input type=\"hidden\" name=\"_wpcf7_posted_data_hash\" value=\"\" \/>\n<\/div>\n<p><label> Pr\u00e9nom<br \/>\n<span class=\"wpcf7-form-control-wrap\" data-name=\"your-name\"><input size=\"40\" maxlength=\"400\" class=\"wpcf7-form-control wpcf7-text wpcf7-validates-as-required\" aria-required=\"true\" aria-invalid=\"false\" value=\"\" type=\"text\" name=\"your-name\" \/><\/span> <\/label>\n<\/p>\n<p><label> Email<br \/>\n<span class=\"wpcf7-form-control-wrap\" data-name=\"your-email\"><input size=\"40\" maxlength=\"400\" class=\"wpcf7-form-control wpcf7-email wpcf7-validates-as-required wpcf7-text wpcf7-validates-as-email\" aria-required=\"true\" aria-invalid=\"false\" value=\"\" type=\"email\" name=\"your-email\" \/><\/span> <\/label>\n<\/p>\n<p><label> Objet<br \/>\n<span class=\"wpcf7-form-control-wrap\" data-name=\"your-subject\"><input size=\"40\" maxlength=\"400\" class=\"wpcf7-form-control wpcf7-text\" aria-invalid=\"false\" value=\"\" type=\"text\" name=\"your-subject\" \/><\/span> <\/label>\n<\/p>\n<p><label> Messsage<br \/>\n<span class=\"wpcf7-form-control-wrap\" data-name=\"your-message\"><textarea cols=\"40\" rows=\"10\" maxlength=\"2000\" class=\"wpcf7-form-control wpcf7-textarea\" aria-invalid=\"false\" name=\"your-message\"><\/textarea><\/span> <\/label>\n<\/p>\n<p><input class=\"wpcf7-form-control wpcf7-submit has-spinner\" type=\"submit\" value=\"Envoyer\" \/>\n<\/p><p style=\"display: none !important;\" class=\"akismet-fields-container\" data-prefix=\"_wpcf7_ak_\"><label>&#916;<textarea name=\"_wpcf7_ak_hp_textarea\" cols=\"45\" rows=\"8\" maxlength=\"100\"><\/textarea><\/label><input type=\"hidden\" id=\"ak_js_1\" name=\"_wpcf7_ak_js\" value=\"213\"\/><script>document.getElementById( \"ak_js_1\" ).setAttribute( \"value\", ( new Date() ).getTime() );<\/script><\/p><div class=\"wpcf7-response-output\" aria-hidden=\"true\"><\/div>\n<\/form>\n<\/div>\n[\/et_pb_code][\/et_pb_column][\/et_pb_row][\/et_pb_section][et_pb_section fb_built=\u00a0\u00bb1&Prime; fullwidth=\u00a0\u00bbon\u00a0\u00bb _builder_version=\u00a0\u00bb4.0.7&Prime;][et_pb_fullwidth_image src=\u00a0\u00bbhttp:\/\/www.imagoformation.ch\/wp-content\/uploads\/2020\/04\/Banners1.png\u00a0\u00bb title_text=\u00a0\u00bbBanners1&Prime; _builder_version=\u00a0\u00bb4.4.7&Prime;][\/et_pb_fullwidth_image][\/et_pb_section]<\/p>\n<span class=\"et_bloom_bottom_trigger\"><\/span>","protected":false},"excerpt":{"rendered":"<p>MOINS JE PARLE MIEUX JE FORME Fonction du silence en andragogie, temps de parole du participant et du formateur \u00ab\u00a0Un discours doit \u00eatre \u00e0 l\u2019image de la robe d\u2019une\u00a0femme; suffisamment court pour retenir\u00a0l\u2019attention, suffisamment long pour couvrir le\u00a0sujet. \u00bb \u00a0 \u00a0 \u00a0 \u00a0 \u00a0 \u00a0 \u00a0 \u00a0 \u00a0 \u00a0 \u00a0 \u00a0 \u00a0 \u00a0\u00a0 \u00a0 \u00a0 [&hellip;]<\/p>\n","protected":false},"author":1,"featured_media":0,"parent":0,"menu_order":0,"comment_status":"closed","ping_status":"closed","template":"","meta":{"_et_pb_use_builder":"on","_et_pb_old_content":"","_et_gb_content_width":"","footnotes":""},"class_list":["post-144","page","type-page","status-publish","hentry"],"_links":{"self":[{"href":"http:\/\/www.imagoformation.ch\/index.php?rest_route=\/wp\/v2\/pages\/144"}],"collection":[{"href":"http:\/\/www.imagoformation.ch\/index.php?rest_route=\/wp\/v2\/pages"}],"about":[{"href":"http:\/\/www.imagoformation.ch\/index.php?rest_route=\/wp\/v2\/types\/page"}],"author":[{"embeddable":true,"href":"http:\/\/www.imagoformation.ch\/index.php?rest_route=\/wp\/v2\/users\/1"}],"replies":[{"embeddable":true,"href":"http:\/\/www.imagoformation.ch\/index.php?rest_route=%2Fwp%2Fv2%2Fcomments&post=144"}],"version-history":[{"count":17,"href":"http:\/\/www.imagoformation.ch\/index.php?rest_route=\/wp\/v2\/pages\/144\/revisions"}],"predecessor-version":[{"id":1222,"href":"http:\/\/www.imagoformation.ch\/index.php?rest_route=\/wp\/v2\/pages\/144\/revisions\/1222"}],"wp:attachment":[{"href":"http:\/\/www.imagoformation.ch\/index.php?rest_route=%2Fwp%2Fv2%2Fmedia&parent=144"}],"curies":[{"name":"wp","href":"https:\/\/api.w.org\/{rel}","templated":true}]}}

<p>[et_pb_section fb_built= »1&Prime; _builder_version= »3.27.3&Prime;][et_pb_row _builder_version= »4.4.7&Prime;][et_pb_column type= »4_4&Prime; _builder_version= »4.4.7&Prime;][et_pb_image src= »http://www.imagoformation.ch/wp-content/uploads/2019/12/Illustraciones-Imago_2.1_3.jpg » title_text= »Ilustración Imago » _builder_version= »4.4.7&Prime;][/et_pb_image][/et_pb_column][/et_pb_row][et_pb_row column_structure= »1_2,1_2&Prime; _builder_version= »3.27.3&Prime; custom_padding= »25px||||| »][et_pb_column type= »1_2&Prime; _builder_version= »3.27.3&Prime;][et_pb_text _builder_version= »4.4.7&Prime;]</p>
<h5 style="text-align: justify;"><strong>MOINS JE PARLE MIEUX JE FORME<i></i></strong></h5>
<p class="Default" align="center"><b><i><span>Fonction du silence en andragogie, temps de parole du participant et du formateur<o:p></o:p></span></i></b></p>
<p style="text-align: justify;"><span><i>« Un discours doit être à l’image de la robe d’une </i></span><i style="font-size: 14px;">femme; suffisamment court pour retenir </i><i style="font-size: 14px;">l’attention, suffisamment long pour couvrir le </i><i style="font-size: 14px;">sujet. »                             </i></p>
<p><span><i>                                                                              Sacha Guitry</i></span></p>
<p><span><i> </i></span></p>
<p style="text-align: justify;"><strong>Descriptif </strong></p>
<p style="text-align: justify;">Toute situation de communication est riche de l’écoute que nous y mettons; elle nous permet de réagir en captant les besoins de l’interlocuteur, en tenant compte de sa culture et de son individualité.</p>
<p style="text-align: justify;">En expérimentant la force du silence et ses fonctions multiples, nous apprenons à donner une parole formative à nos participants.</p>
<p style="text-align: justify;"><strong></strong></p>
<p style="text-align: justify;"><strong>Contenu </strong></p>
<p style="text-align: justify;">&#8211; fonction et utilisation du silence en andragogie : ce qu’il dit, ce qu’il contient</p>
<p style="text-align: justify;">&#8211; exercer le silence andragogique – formateur<span>  </span></p>
<p style="text-align: justify;">&#8211; exercer son silence intérieur</p>
<p style="text-align: justify;">&#8211; temps et silence</p>
<p style="text-align: justify;"><strong></strong></p>
<p style="text-align: justify;"><strong>Objectifs </strong></p>
<p style="text-align: justify;">Les participants expérimenteront :</p>
<p style="text-align: justify;">&#8211; l’exercice et l’énergie du silence</p>
<p style="text-align: justify;">&#8211; l’apport du fait de se taire en tant que formateur</p>
<p style="text-align: justify;">&#8211; le don de la parole</p>
<p style="text-align: justify;">&#8211; l’économie de sa voix, la canalisation de ses forces et de son énergie pour préserver leur santé</p>
<p style="text-align: justify;"><strong>Public cible </strong></p>
<p style="text-align: justify;">Formateurs / Professeurs / Instituteurs / Maîtres de formation / Enseignants</p>
<p>[/et_pb_text][/et_pb_column][et_pb_column type= »1_2&Prime; _builder_version= »3.27.3&Prime;][et_pb_code _builder_version= »4.0.7&Prime; background_color= »rgba(0,0,0,0) » text_orientation= »left »]
<div class="wpcf7 no-js" id="wpcf7-f662-o1" lang="en-US" dir="ltr" data-wpcf7-id="662">
<div class="screen-reader-response"><p role="status" aria-live="polite" aria-atomic="true"></p> <ul></ul></div>
<form action="/index.php?rest_route=%2Fwp%2Fv2%2Fpages%2F144#wpcf7-f662-o1" method="post" class="wpcf7-form init" aria-label="Contact form" novalidate="novalidate" data-status="init">
<div style="display: none;">
<input type="hidden" name="_wpcf7" value="662" />
<input type="hidden" name="_wpcf7_version" value="6.0" />
<input type="hidden" name="_wpcf7_locale" value="en_US" />
<input type="hidden" name="_wpcf7_unit_tag" value="wpcf7-f662-o1" />
<input type="hidden" name="_wpcf7_container_post" value="0" />
<input type="hidden" name="_wpcf7_posted_data_hash" value="" />
</div>
<p><label> Prénom<br />
<span class="wpcf7-form-control-wrap" data-name="your-name"><input size="40" maxlength="400" class="wpcf7-form-control wpcf7-text wpcf7-validates-as-required" aria-required="true" aria-invalid="false" value="" type="text" name="your-name" /></span> </label>
</p>
<p><label> Email<br />
<span class="wpcf7-form-control-wrap" data-name="your-email"><input size="40" maxlength="400" class="wpcf7-form-control wpcf7-email wpcf7-validates-as-required wpcf7-text wpcf7-validates-as-email" aria-required="true" aria-invalid="false" value="" type="email" name="your-email" /></span> </label>
</p>
<p><label> Objet<br />
<span class="wpcf7-form-control-wrap" data-name="your-subject"><input size="40" maxlength="400" class="wpcf7-form-control wpcf7-text" aria-invalid="false" value="" type="text" name="your-subject" /></span> </label>
</p>
<p><label> Messsage<br />
<span class="wpcf7-form-control-wrap" data-name="your-message"><textarea cols="40" rows="10" maxlength="2000" class="wpcf7-form-control wpcf7-textarea" aria-invalid="false" name="your-message"></textarea></span> </label>
</p>
<p><input class="wpcf7-form-control wpcf7-submit has-spinner" type="submit" value="Envoyer" />
</p><p style="display: none !important;" class="akismet-fields-container" data-prefix="_wpcf7_ak_"><label>&#916;<textarea name="_wpcf7_ak_hp_textarea" cols="45" rows="8" maxlength="100"></textarea></label><input type="hidden" id="ak_js_1" name="_wpcf7_ak_js" value="213"/><script>document.getElementById( "ak_js_1" ).setAttribute( "value", ( new Date() ).getTime() );</script></p><div class="wpcf7-response-output" aria-hidden="true"></div>
</form>
</div>
[/et_pb_code][/et_pb_column][/et_pb_row][/et_pb_section][et_pb_section fb_built= »1&Prime; fullwidth= »on » _builder_version= »4.0.7&Prime;][et_pb_fullwidth_image src= »http://www.imagoformation.ch/wp-content/uploads/2020/04/Banners1.png » title_text= »Banners1&Prime; _builder_version= »4.4.7&Prime;][/et_pb_fullwidth_image][/et_pb_section]</p>
<span class="et_bloom_bottom_trigger"></span>

<p>MOINS JE PARLE MIEUX JE FORME Fonction du silence en andragogie, temps de parole du participant et du formateur « Un discours doit être à l’image de la robe d’une femme; suffisamment court pour retenir l’attention, suffisamment long pour couvrir le sujet. »                                  [&hellip;]</p>
