{"id":1074,"date":"2020-05-28T00:33:33","date_gmt":"2020-05-27T22:33:33","guid":{"rendered":"http:\/\/www.imagoformation.ch\/?page_id=1074"},"modified":"2020-06-12T11:07:37","modified_gmt":"2020-06-12T09:07:37","slug":"1074-2","status":"publish","type":"page","link":"http:\/\/www.imagoformation.ch\/?page_id=1074","title":{"rendered":"Monica Dousse"},"content":{"rendered":"<p>[et_pb_section fb_built=\u00a0\u00bb1&Prime; _builder_version=\u00a0\u00bb4.4.6&Prime; min_height=\u00a0\u00bb151px\u00a0\u00bb custom_padding=\u00a0\u00bb||72px|||\u00a0\u00bb][et_pb_row _builder_version=\u00a0\u00bb4.4.7&Prime;][et_pb_column type=\u00a0\u00bb4_4&Prime; _builder_version=\u00a0\u00bb4.4.7&Prime;][et_pb_text _builder_version=\u00a0\u00bb4.4.7&Prime;]<\/p>\n<h2 style=\"text-align: center;\"><span style=\"color: #808080;\">Monica Dousse<\/span><\/h2>\n<p><span style=\"color: #808080;\"><\/span><\/p>\n<p><span style=\"color: #808080;\"><\/span><\/p>\n<h4 style=\"text-align: justify;\"><span style=\"color: #808080;\"><\/span><\/h4>\n<p>[\/et_pb_text][\/et_pb_column][\/et_pb_row][et_pb_row column_structure=\u00a0\u00bb2_5,3_5&Prime; _builder_version=\u00a0\u00bb4.4.7&Prime;][et_pb_column type=\u00a0\u00bb2_5&Prime; _builder_version=\u00a0\u00bb4.4.7&Prime;][et_pb_team_member image_url=\u00a0\u00bbhttp:\/\/www.imagoformation.ch\/wp-content\/uploads\/2020\/06\/Moni.jpg\u00a0\u00bb _builder_version=\u00a0\u00bb4.4.7&Prime; custom_padding=\u00a0\u00bb22px|||||\u00a0\u00bb][\/et_pb_team_member][\/et_pb_column][et_pb_column type=\u00a0\u00bb3_5&Prime; _builder_version=\u00a0\u00bb4.4.7&Prime;][et_pb_text _builder_version=\u00a0\u00bb4.4.7&Prime;]<\/p>\n<p style=\"text-align: justify;\"><span><em>Formatrice d\u2019adultes, dipl\u00f4m\u00e9e ES, mon parcours a commenc\u00e9 en tant qu\u2019enseignante d\u2019espagnol et cr\u00e9atrice de l&rsquo;entreprise de formation \u00ab\u00a0Imagoformation\u00a0\u00bb.<\/em><\/span><br \/> <em> <span><\/span><\/em><\/p>\n<p style=\"text-align: justify;\"><em><span>Mon chemin s\u2019est \u00e9largi et j\u2019ai eu la grand chance, pendant cinq ans, de travailler avec des migrants et des ch\u00f4meurs. Cette exp\u00e9rience a \u00e9t\u00e9 riche et formative. Actuellement je travaille en tant que formatrice de formateurs d\u2019adultes.<\/span><\/em><\/p>\n<p style=\"text-align: justify;\"><em><span>\u00c0 mon arc nous pouvons ajouter les cordes suivantes : cours concernant la recherche d\u2019emploi, la communication, la confiance en soi, le d\u00e9veloppement personnel.<\/span><\/em><\/p>\n<p style=\"text-align: justify;\"><em><span>Mon cot\u00e9 cr\u00e9atif m\u2019a permis de concevoir des cours pour la formation continue des formateurs d\u2019adultes. Nous pouvons citer par exemple \u00ab\u00a0Moins je parle, mieux je forme\u00a0\u00bb (le silence p\u00e9dagogique), \u00ab\u00a0Pour le meilleur et pour le rire\u00a0\u00bb (l\u2019humour andragogique), \u00ab\u00a0Apprendre par corps, savoir par c\u0153ur\u00a0\u00bb (le corps et le mouvement comme facilitateurs du processus d&rsquo;apprentissage), \u00ab\u00a0Apprendre en fredonnant\u00a0\u00bb (L&rsquo;utilisation de la chanson comme outil d&rsquo;apprentissage), \u00ab\u00a0S\u2019il te pla\u00eet, raconte-moi une histoire\u00a0\u00bb (L&rsquo;utilisation du conte comme outil d&rsquo;apprentissage), entre autres.<\/span><\/em><\/p>\n<p style=\"text-align: justify;\"><em><span>Actuellement, mon objectif est de continuer \u00e0 \u00e9largir mon champ d\u2019action dans le domaine de la formation d\u2019adultes, de m\u2019aventurer vers des nouveaux horizons, de vivre le changement et la nouveaut\u00e9.\u00a0<\/span><\/em><\/p>\n<p style=\"text-align: justify;\"><em><span><\/span><\/em><\/p>\n<p style=\"text-align: justify;\"><em><span><img loading=\"lazy\" decoding=\"async\" src=\"http:\/\/www.imagoformation.ch\/wp-content\/uploads\/2020\/06\/Linkedin.png\" width=\"43\" height=\"43\" alt=\"\" class=\"wp-image-1167 alignnone size-full\" srcset=\"http:\/\/www.imagoformation.ch\/wp-content\/uploads\/2020\/06\/Linkedin.png 322w, http:\/\/www.imagoformation.ch\/wp-content\/uploads\/2020\/06\/Linkedin-300x300.png 300w, http:\/\/www.imagoformation.ch\/wp-content\/uploads\/2020\/06\/Linkedin-150x150.png 150w\" sizes=\"(max-width: 43px) 100vw, 43px\" \/><\/span><\/em><\/p>\n<p>[\/et_pb_text][\/et_pb_column][\/et_pb_row][et_pb_row _builder_version=\u00a0\u00bb4.4.6&Prime;][et_pb_column type=\u00a0\u00bb4_4&Prime; _builder_version=\u00a0\u00bb4.4.6&Prime;][et_pb_video src=\u00a0\u00bbhttps:\/\/www.youtube.com\/watch?v=LcP1KzdKn9I\u00a0\u00bb _builder_version=\u00a0\u00bb4.4.6&Prime;][\/et_pb_video][\/et_pb_column][\/et_pb_row][\/et_pb_section][et_pb_section fb_built=\u00a0\u00bb1&Prime; fullwidth=\u00a0\u00bbon\u00a0\u00bb _builder_version=\u00a0\u00bb4.4.6&Prime;][et_pb_fullwidth_image src=\u00a0\u00bbhttp:\/\/www.imagoformation.ch\/wp-content\/uploads\/2020\/04\/Banners1.png\u00a0\u00bb title_text=\u00a0\u00bbBanners1&Prime; _builder_version=\u00a0\u00bb4.4.6&Prime;][\/et_pb_fullwidth_image][\/et_pb_section]<\/p>\n<span class=\"et_bloom_bottom_trigger\"><\/span>","protected":false},"excerpt":{"rendered":"<p>Monica Dousse Formatrice d\u2019adultes, dipl\u00f4m\u00e9e ES, mon parcours a commenc\u00e9 en tant qu\u2019enseignante d\u2019espagnol et cr\u00e9atrice de l&rsquo;entreprise de formation \u00ab\u00a0Imagoformation\u00a0\u00bb. Mon chemin s\u2019est \u00e9largi et j\u2019ai eu la grand chance, pendant cinq ans, de travailler avec des migrants et des ch\u00f4meurs. Cette exp\u00e9rience a \u00e9t\u00e9 riche et formative. Actuellement je travaille en tant que [&hellip;]<\/p>\n","protected":false},"author":2,"featured_media":0,"parent":0,"menu_order":0,"comment_status":"closed","ping_status":"closed","template":"","meta":{"_et_pb_use_builder":"on","_et_pb_old_content":"","_et_gb_content_width":"","footnotes":""},"class_list":["post-1074","page","type-page","status-publish","hentry"],"_links":{"self":[{"href":"http:\/\/www.imagoformation.ch\/index.php?rest_route=\/wp\/v2\/pages\/1074"}],"collection":[{"href":"http:\/\/www.imagoformation.ch\/index.php?rest_route=\/wp\/v2\/pages"}],"about":[{"href":"http:\/\/www.imagoformation.ch\/index.php?rest_route=\/wp\/v2\/types\/page"}],"author":[{"embeddable":true,"href":"http:\/\/www.imagoformation.ch\/index.php?rest_route=\/wp\/v2\/users\/2"}],"replies":[{"embeddable":true,"href":"http:\/\/www.imagoformation.ch\/index.php?rest_route=%2Fwp%2Fv2%2Fcomments&post=1074"}],"version-history":[{"count":15,"href":"http:\/\/www.imagoformation.ch\/index.php?rest_route=\/wp\/v2\/pages\/1074\/revisions"}],"predecessor-version":[{"id":1225,"href":"http:\/\/www.imagoformation.ch\/index.php?rest_route=\/wp\/v2\/pages\/1074\/revisions\/1225"}],"wp:attachment":[{"href":"http:\/\/www.imagoformation.ch\/index.php?rest_route=%2Fwp%2Fv2%2Fmedia&parent=1074"}],"curies":[{"name":"wp","href":"https:\/\/api.w.org\/{rel}","templated":true}]}}

<p>[et_pb_section fb_built= »1&Prime; _builder_version= »4.4.6&Prime; min_height= »151px » custom_padding= »||72px||| »][et_pb_row _builder_version= »4.4.7&Prime;][et_pb_column type= »4_4&Prime; _builder_version= »4.4.7&Prime;][et_pb_text _builder_version= »4.4.7&Prime;]</p>
<h2 style="text-align: center;"><span style="color: #808080;">Monica Dousse</span></h2>
<p><span style="color: #808080;"></span></p>
<p><span style="color: #808080;"></span></p>
<h4 style="text-align: justify;"><span style="color: #808080;"></span></h4>
<p>[/et_pb_text][/et_pb_column][/et_pb_row][et_pb_row column_structure= »2_5,3_5&Prime; _builder_version= »4.4.7&Prime;][et_pb_column type= »2_5&Prime; _builder_version= »4.4.7&Prime;][et_pb_team_member image_url= »http://www.imagoformation.ch/wp-content/uploads/2020/06/Moni.jpg » _builder_version= »4.4.7&Prime; custom_padding= »22px||||| »][/et_pb_team_member][/et_pb_column][et_pb_column type= »3_5&Prime; _builder_version= »4.4.7&Prime;][et_pb_text _builder_version= »4.4.7&Prime;]</p>
<p style="text-align: justify;"><span><em>Formatrice d’adultes, diplômée ES, mon parcours a commencé en tant qu’enseignante d’espagnol et créatrice de l&rsquo;entreprise de formation « Imagoformation ».</em></span><br /> <em> <span></span></em></p>
<p style="text-align: justify;"><em><span>Mon chemin s’est élargi et j’ai eu la grand chance, pendant cinq ans, de travailler avec des migrants et des chômeurs. Cette expérience a été riche et formative. Actuellement je travaille en tant que formatrice de formateurs d’adultes.</span></em></p>
<p style="text-align: justify;"><em><span>À mon arc nous pouvons ajouter les cordes suivantes : cours concernant la recherche d’emploi, la communication, la confiance en soi, le développement personnel.</span></em></p>
<p style="text-align: justify;"><em><span>Mon coté créatif m’a permis de concevoir des cours pour la formation continue des formateurs d’adultes. Nous pouvons citer par exemple « Moins je parle, mieux je forme » (le silence pédagogique), « Pour le meilleur et pour le rire » (l’humour andragogique), « Apprendre par corps, savoir par cœur » (le corps et le mouvement comme facilitateurs du processus d&rsquo;apprentissage), « Apprendre en fredonnant » (L&rsquo;utilisation de la chanson comme outil d&rsquo;apprentissage), « S’il te plaît, raconte-moi une histoire » (L&rsquo;utilisation du conte comme outil d&rsquo;apprentissage), entre autres.</span></em></p>
<p style="text-align: justify;"><em><span>Actuellement, mon objectif est de continuer à élargir mon champ d’action dans le domaine de la formation d’adultes, de m’aventurer vers des nouveaux horizons, de vivre le changement et la nouveauté. </span></em></p>
<p style="text-align: justify;"><em><span></span></em></p>
<p style="text-align: justify;"><em><span><img loading="lazy" decoding="async" src="http://www.imagoformation.ch/wp-content/uploads/2020/06/Linkedin.png" width="43" height="43" alt="" class="wp-image-1167 alignnone size-full" srcset="http://www.imagoformation.ch/wp-content/uploads/2020/06/Linkedin.png 322w, http://www.imagoformation.ch/wp-content/uploads/2020/06/Linkedin-300x300.png 300w, http://www.imagoformation.ch/wp-content/uploads/2020/06/Linkedin-150x150.png 150w" sizes="(max-width: 43px) 100vw, 43px" /></span></em></p>
<p>[/et_pb_text][/et_pb_column][/et_pb_row][et_pb_row _builder_version= »4.4.6&Prime;][et_pb_column type= »4_4&Prime; _builder_version= »4.4.6&Prime;][et_pb_video src= »https://www.youtube.com/watch?v=LcP1KzdKn9I » _builder_version= »4.4.6&Prime;][/et_pb_video][/et_pb_column][/et_pb_row][/et_pb_section][et_pb_section fb_built= »1&Prime; fullwidth= »on » _builder_version= »4.4.6&Prime;][et_pb_fullwidth_image src= »http://www.imagoformation.ch/wp-content/uploads/2020/04/Banners1.png » title_text= »Banners1&Prime; _builder_version= »4.4.6&Prime;][/et_pb_fullwidth_image][/et_pb_section]</p>
<span class="et_bloom_bottom_trigger"></span>

<p>Monica Dousse Formatrice d’adultes, diplômée ES, mon parcours a commencé en tant qu’enseignante d’espagnol et créatrice de l&rsquo;entreprise de formation « Imagoformation ». Mon chemin s’est élargi et j’ai eu la grand chance, pendant cinq ans, de travailler avec des migrants et des chômeurs. Cette expérience a été riche et formative. Actuellement je travaille en tant que [&hellip;]</p>
